{"id":68,"date":"2023-03-07T19:58:05","date_gmt":"2023-03-07T22:58:05","guid":{"rendered":"https:\/\/vocetempoder.com\/empreenda\/?page_id=68"},"modified":"2024-06-01T15:54:26","modified_gmt":"2024-06-01T18:54:26","slug":"pronta-entrega","status":"publish","type":"page","link":"https:\/\/vocetempoder.com\/empreenda\/pronta-entrega\/","title":{"rendered":"<strong>ARTIGOS OTIMIZADOS ORIGINAIS<\/strong> <strong>EM PRONTA ENTREGA<\/strong>"},"content":{"rendered":"\n<p>Depois de pensar muito como poderia ajudar novos empreendedores com sua demanda de conte\u00fado, decidi criar artigos originais e otimizados para pronta entrega.<\/p>\n\n\n\n<p>Os t\u00edtulos abaixo s\u00e3o textos que j\u00e1 est\u00e3o prontos e ser\u00e3o entregues imediatamente ap\u00f3s a confirma\u00e7\u00e3o do pagamento. <strong>PAGOU-RECEBEU!<\/strong><\/p>\n\n\n\n<p>N\u00e3o fiz pesquisa extensa de palavras chave, por isso os valores dos textos est\u00e3o at\u00e9 um pouco menores do que na tabela de presta\u00e7\u00e3o de servi\u00e7os!<\/p>\n\n\n\n<p>APROVEITE, s\u00e3o textos de qualidade, feitos por mim, otimizados SEO para a palavra chave destacada e que far\u00e3o toda diferen\u00e7a no seu blog, ou como assunto para postagem nas redes sociais!<\/p>\n\n\n\n<p><\/p>\n\n\n\n<h2 class=\"wp-block-heading\"><strong>VEJA OS TEXTOS DISPON\u00cdVEIS: (N\u00c3O \u00c9 PLR, QUEM COMPRAR SER\u00c1 \u00daNICO DONO!)<\/strong><\/h2>\n\n\n\n<figure class=\"wp-block-image size-large\"><img loading=\"lazy\" decoding=\"async\" width=\"1024\" height=\"435\" src=\"https:\/\/vocetempoder.com\/empreenda\/wp-content\/uploads\/2024\/06\/image-1024x435.png\" alt=\"\" class=\"wp-image-194\" srcset=\"https:\/\/vocetempoder.com\/empreenda\/wp-content\/uploads\/2024\/06\/image-1024x435.png 1024w, https:\/\/vocetempoder.com\/empreenda\/wp-content\/uploads\/2024\/06\/image-300x127.png 300w, https:\/\/vocetempoder.com\/empreenda\/wp-content\/uploads\/2024\/06\/image-768x326.png 768w, https:\/\/vocetempoder.com\/empreenda\/wp-content\/uploads\/2024\/06\/image.png 1152w\" sizes=\"auto, (max-width: 1024px) 100vw, 1024px\" \/><\/figure>\n\n\n\n<h2 class=\"wp-block-heading\"><strong>COMO usar esse conte\u00fado pronta entrega<\/strong><\/h2>\n\n\n\n<p>Esses textos s\u00e3o todos originais, escritos por mim e est\u00e3o otimizados para SEO, utilizando palavras chave gen\u00e9ricas do Google.<\/p>\n\n\n\n<p>Voc\u00ea pode usar o conte\u00fado como artigos no seu blog, desmembrar e usar nas redes sociais, adaptar e fazer scripts para v\u00eddeos, enfim s\u00e3o in\u00fameras possibilidades.<\/p>\n\n\n\n<p><\/p>\n\n\n\n<h2 class=\"wp-block-heading\">ARTIGOS DE CONVERS\u00c3O (COPY PARA VENDAS)<\/h2>\n\n\n\n<p>Abaixo, voc\u00ea encontra uma lista com artigos de convers\u00e3o que s\u00e3o ORIGINAIS e otimizados SEO para as palavras chave destacadas. <\/p>\n\n\n\n<figure class=\"wp-block-image size-large\"><img loading=\"lazy\" decoding=\"async\" width=\"1024\" height=\"221\" src=\"https:\/\/vocetempoder.com\/empreenda\/wp-content\/uploads\/2023\/06\/image-1-1024x221.png\" alt=\"pronta-entrega_2\" class=\"wp-image-162\" srcset=\"https:\/\/vocetempoder.com\/empreenda\/wp-content\/uploads\/2023\/06\/image-1-1024x221.png 1024w, https:\/\/vocetempoder.com\/empreenda\/wp-content\/uploads\/2023\/06\/image-1-300x65.png 300w, https:\/\/vocetempoder.com\/empreenda\/wp-content\/uploads\/2023\/06\/image-1-768x166.png 768w, https:\/\/vocetempoder.com\/empreenda\/wp-content\/uploads\/2023\/06\/image-1.png 1108w\" sizes=\"auto, (max-width: 1024px) 100vw, 1024px\" \/><\/figure>\n\n\n\n<p>OBS: Topo &#8211; O p\u00fablico N\u00c3O conhece, ou pesquisa, usando o nome do produto, FUNDO: O p\u00fablico pesquisa o nome do produto para saber mais informa\u00e7\u00f5es (p\u00fablico aquecido para compra). <\/p>\n\n\n\n<p><\/p>\n\n\n\n<h2 class=\"wp-block-heading\"><strong>Atualiza\u00e7\u00e3o dos conte\u00fados<\/strong><\/h2>\n\n\n\n<p>A p\u00e1gina ser\u00e1 atualizada toda semana com novos textos, e tamb\u00e9m ser\u00e3o colocados conte\u00fados para carrossel do Instagram, sequ\u00eancias de e-mail, artigos de convers\u00e3o, em v\u00e1rios nichos.<\/p>\n\n\n\n<p>Fique de olho para as atualiza\u00e7\u00f5es porque a ideia \u00e9 n\u00e3o repetir os temas, uma vez vendido o texto, demorar\u00e1 bastante para aparecer o assunto novamente.<\/p>\n\n\n\n<p>Os nichos contemplados ser\u00e3o:<\/p>\n\n\n\n<ul class=\"wp-block-list\">\n<li>Beleza (dicas para p\u00fablico em geral e tamb\u00e9m para profissionais)<\/li>\n\n\n\n<li>Sa\u00fade (emagrecimento e alimenta\u00e7\u00e3o saud\u00e1vel)<\/li>\n\n\n\n<li>Marketing digital (geral e afiliados)<\/li>\n\n\n\n<li>Empreendedorismo<\/li>\n\n\n\n<li>Carreiras<\/li>\n\n\n\n<li>Artesanato<\/li>\n\n\n\n<li>Lei da Atra\u00e7\u00e3o<\/li>\n\n\n\n<li>Expans\u00e3o da Consci\u00eancia<\/li>\n\n\n\n<li>Numerologia<\/li>\n<\/ul>\n\n\n\n<p><strong>N\u00c3O DEIXE PARA DEPOIS, pois esses assuntos n\u00e3o ser\u00e3o repetidos novamente, sempre farei novos assuntos a cada semana!<\/strong><\/p>\n\n\n\n<p><strong>PARA COMPRAR: FALE comigo no whatsapp (11-98907-9943), ou no bochiski@gmail.com, informando quais textos deseja, fa\u00e7a o pagamento e receba o texto imediatamente (envio pelo zap, ou e-mail)!<\/strong><\/p>\n\n\n\n<p><strong>PAGAMENTO: \u00c0 VISTA ATRAV\u00c9S DE PIX!<\/strong><\/p>\n\n\n\n<p>Para fazer PEDIDOS PERSONALIZADOS (servi\u00e7os de reda\u00e7\u00e3o freelancer) clique na frase abaixo e conhe\u00e7a a p\u00e1gina com todas informa\u00e7\u00f5es para contrata\u00e7\u00e3o! <\/p>\n\n\n\n<h2 class=\"wp-block-heading has-text-align-center\"><mark style=\"background-color:rgba(0, 0, 0, 0)\" class=\"has-inline-color has-vivid-red-color\"><a href=\"https:\/\/vocetempoder.com\/redacao-freelancer\/\" target=\"_blank\" rel=\"noreferrer noopener\">SERVI\u00c7OS DE REDA\u00c7\u00c3O FREELANCER<\/a><\/mark> <\/h2>\n\n\n\n<p>CONHE\u00c7A meu e-book &#8220;<a href=\"https:\/\/vocetempoder.com\/segredos-dos-artigos-que-vendem\/\" target=\"_blank\" rel=\"noreferrer noopener\">SEGREDOS DOS ARTIGOS QUE VENDEM<\/a>&#8221; e APRENDA escrever conte\u00fado para qualquer finalidade, inclusive para VENDAS! <\/p>\n\n\n\n<p>Muita luz, paz e sucesso<\/p>\n\n\n\n<p>Helena Redatora <\/p>\n","protected":false},"excerpt":{"rendered":"<p>Depois de pensar muito como poderia ajudar novos empreendedores com sua demanda de conte\u00fado, decidi criar artigos originais e otimizados para pronta entrega. Os t\u00edtulos abaixo s\u00e3o textos que j\u00e1 est\u00e3o prontos e ser\u00e3o entregues imediatamente ap\u00f3s a confirma\u00e7\u00e3o do pagamento. PAGOU-RECEBEU! N\u00e3o fiz pesquisa extensa de palavras chave, por isso os valores dos textos [&hellip;]<\/p>\n","protected":false},"author":1,"featured_media":71,"parent":0,"menu_order":0,"comment_status":"closed","ping_status":"closed","template":"","meta":{"footnotes":""},"tags":[23,24,25],"class_list":["post-68","page","type-page","status-publish","has-post-thumbnail","hentry","tag-pronta-entrega","tag-redacao-freelancer","tag-servicos-de-redacao"],"yoast_head":"<!-- This site is optimized with the Yoast SEO plugin v26.9 - https:\/\/yoast.com\/product\/yoast-seo-wordpress\/ -->\n<title>CONTE\u00daDO PRONTA ENTREGA - vocetempoder.com\/empreenda<\/title>\n<meta name=\"description\" content=\"Visite a p\u00e1gina para conhecer o MELHOR conte\u00fado pronta entrega para colocar em seu blog, redes sociais e onde mais precisar! Tudo ORIGINAL!\" \/>\n<meta name=\"robots\" content=\"index, follow, max-snippet:-1, max-image-preview:large, max-video-preview:-1\" \/>\n<link rel=\"canonical\" href=\"https:\/\/vocetempoder.com\/empreenda\/pronta-entrega\/\" \/>\n<meta property=\"og:locale\" content=\"pt_PT\" \/>\n<meta property=\"og:type\" content=\"article\" \/>\n<meta property=\"og:title\" content=\"CONTE\u00daDO PRONTA ENTREGA - vocetempoder.com\/empreenda\" \/>\n<meta property=\"og:description\" content=\"Visite a p\u00e1gina para conhecer o MELHOR conte\u00fado pronta entrega para colocar em seu blog, redes sociais e onde mais precisar! Tudo ORIGINAL!\" \/>\n<meta property=\"og:url\" content=\"https:\/\/vocetempoder.com\/empreenda\/pronta-entrega\/\" \/>\n<meta property=\"og:site_name\" content=\"EMPREENDA\" \/>\n<meta property=\"article:modified_time\" content=\"2024-06-01T18:54:26+00:00\" \/>\n<meta property=\"og:image\" content=\"https:\/\/vocetempoder.com\/empreenda\/wp-content\/uploads\/2023\/03\/THUMB_pagina-pronta-entrega.png\" \/>\n\t<meta property=\"og:image:width\" content=\"720\" \/>\n\t<meta property=\"og:image:height\" content=\"400\" \/>\n\t<meta property=\"og:image:type\" content=\"image\/png\" \/>\n<meta name=\"twitter:card\" content=\"summary_large_image\" \/>\n<meta name=\"twitter:label1\" content=\"Tempo estimado de leitura\" \/>\n\t<meta name=\"twitter:data1\" content=\"3 minutos\" \/>\n<script type=\"application\/ld+json\" class=\"yoast-schema-graph\">{\"@context\":\"https:\/\/schema.org\",\"@graph\":[{\"@type\":\"WebPage\",\"@id\":\"https:\/\/vocetempoder.com\/empreenda\/pronta-entrega\/\",\"url\":\"https:\/\/vocetempoder.com\/empreenda\/pronta-entrega\/\",\"name\":\"CONTE\u00daDO PRONTA ENTREGA - vocetempoder.com\/empreenda\",\"isPartOf\":{\"@id\":\"https:\/\/vocetempoder.com\/empreenda\/#website\"},\"primaryImageOfPage\":{\"@id\":\"https:\/\/vocetempoder.com\/empreenda\/pronta-entrega\/#primaryimage\"},\"image\":{\"@id\":\"https:\/\/vocetempoder.com\/empreenda\/pronta-entrega\/#primaryimage\"},\"thumbnailUrl\":\"https:\/\/vocetempoder.com\/empreenda\/wp-content\/uploads\/2023\/03\/THUMB_pagina-pronta-entrega.png\",\"datePublished\":\"2023-03-07T22:58:05+00:00\",\"dateModified\":\"2024-06-01T18:54:26+00:00\",\"description\":\"Visite a p\u00e1gina para conhecer o MELHOR conte\u00fado pronta entrega para colocar em seu blog, redes sociais e onde mais precisar! Tudo ORIGINAL!\",\"breadcrumb\":{\"@id\":\"https:\/\/vocetempoder.com\/empreenda\/pronta-entrega\/#breadcrumb\"},\"inLanguage\":\"pt-PT\",\"potentialAction\":[{\"@type\":\"ReadAction\",\"target\":[\"https:\/\/vocetempoder.com\/empreenda\/pronta-entrega\/\"]}]},{\"@type\":\"ImageObject\",\"inLanguage\":\"pt-PT\",\"@id\":\"https:\/\/vocetempoder.com\/empreenda\/pronta-entrega\/#primaryimage\",\"url\":\"https:\/\/vocetempoder.com\/empreenda\/wp-content\/uploads\/2023\/03\/THUMB_pagina-pronta-entrega.png\",\"contentUrl\":\"https:\/\/vocetempoder.com\/empreenda\/wp-content\/uploads\/2023\/03\/THUMB_pagina-pronta-entrega.png\",\"width\":720,\"height\":400,\"caption\":\"pronta-entrega\"},{\"@type\":\"BreadcrumbList\",\"@id\":\"https:\/\/vocetempoder.com\/empreenda\/pronta-entrega\/#breadcrumb\",\"itemListElement\":[{\"@type\":\"ListItem\",\"position\":1,\"name\":\"Home\",\"item\":\"https:\/\/vocetempoder.com\/empreenda\/\"},{\"@type\":\"ListItem\",\"position\":2,\"name\":\"ARTIGOS OTIMIZADOS ORIGINAIS EM PRONTA ENTREGA\"}]},{\"@type\":\"WebSite\",\"@id\":\"https:\/\/vocetempoder.com\/empreenda\/#website\",\"url\":\"https:\/\/vocetempoder.com\/empreenda\/\",\"name\":\"EMPREENDA\",\"description\":\"Marketing e Empreendedorismo\",\"potentialAction\":[{\"@type\":\"SearchAction\",\"target\":{\"@type\":\"EntryPoint\",\"urlTemplate\":\"https:\/\/vocetempoder.com\/empreenda\/?s={search_term_string}\"},\"query-input\":{\"@type\":\"PropertyValueSpecification\",\"valueRequired\":true,\"valueName\":\"search_term_string\"}}],\"inLanguage\":\"pt-PT\"}]}<\/script>\n<!-- \/ Yoast SEO plugin. -->","yoast_head_json":{"title":"CONTE\u00daDO PRONTA ENTREGA - vocetempoder.com\/empreenda","description":"Visite a p\u00e1gina para conhecer o MELHOR conte\u00fado pronta entrega para colocar em seu blog, redes sociais e onde mais precisar! Tudo ORIGINAL!","robots":{"index":"index","follow":"follow","max-snippet":"max-snippet:-1","max-image-preview":"max-image-preview:large","max-video-preview":"max-video-preview:-1"},"canonical":"https:\/\/vocetempoder.com\/empreenda\/pronta-entrega\/","og_locale":"pt_PT","og_type":"article","og_title":"CONTE\u00daDO PRONTA ENTREGA - vocetempoder.com\/empreenda","og_description":"Visite a p\u00e1gina para conhecer o MELHOR conte\u00fado pronta entrega para colocar em seu blog, redes sociais e onde mais precisar! Tudo ORIGINAL!","og_url":"https:\/\/vocetempoder.com\/empreenda\/pronta-entrega\/","og_site_name":"EMPREENDA","article_modified_time":"2024-06-01T18:54:26+00:00","og_image":[{"width":720,"height":400,"url":"https:\/\/vocetempoder.com\/empreenda\/wp-content\/uploads\/2023\/03\/THUMB_pagina-pronta-entrega.png","type":"image\/png"}],"twitter_card":"summary_large_image","twitter_misc":{"Tempo estimado de leitura":"3 minutos"},"schema":{"@context":"https:\/\/schema.org","@graph":[{"@type":"WebPage","@id":"https:\/\/vocetempoder.com\/empreenda\/pronta-entrega\/","url":"https:\/\/vocetempoder.com\/empreenda\/pronta-entrega\/","name":"CONTE\u00daDO PRONTA ENTREGA - vocetempoder.com\/empreenda","isPartOf":{"@id":"https:\/\/vocetempoder.com\/empreenda\/#website"},"primaryImageOfPage":{"@id":"https:\/\/vocetempoder.com\/empreenda\/pronta-entrega\/#primaryimage"},"image":{"@id":"https:\/\/vocetempoder.com\/empreenda\/pronta-entrega\/#primaryimage"},"thumbnailUrl":"https:\/\/vocetempoder.com\/empreenda\/wp-content\/uploads\/2023\/03\/THUMB_pagina-pronta-entrega.png","datePublished":"2023-03-07T22:58:05+00:00","dateModified":"2024-06-01T18:54:26+00:00","description":"Visite a p\u00e1gina para conhecer o MELHOR conte\u00fado pronta entrega para colocar em seu blog, redes sociais e onde mais precisar! Tudo ORIGINAL!","breadcrumb":{"@id":"https:\/\/vocetempoder.com\/empreenda\/pronta-entrega\/#breadcrumb"},"inLanguage":"pt-PT","potentialAction":[{"@type":"ReadAction","target":["https:\/\/vocetempoder.com\/empreenda\/pronta-entrega\/"]}]},{"@type":"ImageObject","inLanguage":"pt-PT","@id":"https:\/\/vocetempoder.com\/empreenda\/pronta-entrega\/#primaryimage","url":"https:\/\/vocetempoder.com\/empreenda\/wp-content\/uploads\/2023\/03\/THUMB_pagina-pronta-entrega.png","contentUrl":"https:\/\/vocetempoder.com\/empreenda\/wp-content\/uploads\/2023\/03\/THUMB_pagina-pronta-entrega.png","width":720,"height":400,"caption":"pronta-entrega"},{"@type":"BreadcrumbList","@id":"https:\/\/vocetempoder.com\/empreenda\/pronta-entrega\/#breadcrumb","itemListElement":[{"@type":"ListItem","position":1,"name":"Home","item":"https:\/\/vocetempoder.com\/empreenda\/"},{"@type":"ListItem","position":2,"name":"ARTIGOS OTIMIZADOS ORIGINAIS EM PRONTA ENTREGA"}]},{"@type":"WebSite","@id":"https:\/\/vocetempoder.com\/empreenda\/#website","url":"https:\/\/vocetempoder.com\/empreenda\/","name":"EMPREENDA","description":"Marketing e Empreendedorismo","potentialAction":[{"@type":"SearchAction","target":{"@type":"EntryPoint","urlTemplate":"https:\/\/vocetempoder.com\/empreenda\/?s={search_term_string}"},"query-input":{"@type":"PropertyValueSpecification","valueRequired":true,"valueName":"search_term_string"}}],"inLanguage":"pt-PT"}]}},"_links":{"self":[{"href":"https:\/\/vocetempoder.com\/empreenda\/wp-json\/wp\/v2\/pages\/68","targetHints":{"allow":["GET"]}}],"collection":[{"href":"https:\/\/vocetempoder.com\/empreenda\/wp-json\/wp\/v2\/pages"}],"about":[{"href":"https:\/\/vocetempoder.com\/empreenda\/wp-json\/wp\/v2\/types\/page"}],"author":[{"embeddable":true,"href":"https:\/\/vocetempoder.com\/empreenda\/wp-json\/wp\/v2\/users\/1"}],"replies":[{"embeddable":true,"href":"https:\/\/vocetempoder.com\/empreenda\/wp-json\/wp\/v2\/comments?post=68"}],"version-history":[{"count":19,"href":"https:\/\/vocetempoder.com\/empreenda\/wp-json\/wp\/v2\/pages\/68\/revisions"}],"predecessor-version":[{"id":196,"href":"https:\/\/vocetempoder.com\/empreenda\/wp-json\/wp\/v2\/pages\/68\/revisions\/196"}],"wp:featuredmedia":[{"embeddable":true,"href":"https:\/\/vocetempoder.com\/empreenda\/wp-json\/wp\/v2\/media\/71"}],"wp:attachment":[{"href":"https:\/\/vocetempoder.com\/empreenda\/wp-json\/wp\/v2\/media?parent=68"}],"wp:term":[{"taxonomy":"post_tag","embeddable":true,"href":"https:\/\/vocetempoder.com\/empreenda\/wp-json\/wp\/v2\/tags?post=68"}],"curies":[{"name":"wp","href":"https:\/\/api.w.org\/{rel}","templated":true}]}}